{"id":89,"date":"2020-07-08T15:08:17","date_gmt":"2020-07-08T13:08:17","guid":{"rendered":"https:\/\/neu.kwidmerwerbung.ch\/?page_id=89"},"modified":"2020-07-08T15:18:40","modified_gmt":"2020-07-08T13:18:40","slug":"leistungen","status":"publish","type":"page","link":"https:\/\/neu.kwidmerwerbung.ch\/index.php\/leistungen\/","title":{"rendered":"Leistungen"},"content":{"rendered":"\t\t<div data-elementor-type=\"wp-page\" data-elementor-id=\"89\" class=\"elementor elementor-89\" data-elementor-settings=\"[]\">\n\t\t\t\t\t\t<div class=\"elementor-inner\">\n\t\t\t\t\t\t\t<div class=\"elementor-section-wrap\">\n\t\t\t\t\t\t\t<section class=\"elementor-section elementor-top-section elementor-element elementor-element-1938e590 elementor-section-boxed elementor-section-height-default elementor-section-height-default\" data-id=\"1938e590\" data-element_type=\"section\">\n\t\t\t\t\t\t<div class=\"elementor-container elementor-column-gap-default\">\n\t\t\t\t\t\t\t<div class=\"elementor-row\">\n\t\t\t\t\t<div class=\"elementor-column elementor-col-100 elementor-top-column elementor-element elementor-element-4e7e1208\" data-id=\"4e7e1208\" data-element_type=\"column\">\n\t\t\t<div class=\"elementor-column-wrap elementor-element-populated\">\n\t\t\t\t\t\t\t<div class=\"elementor-widget-wrap\">\n\t\t\t\t\t\t<div class=\"elementor-element elementor-element-6e69e455 elementor-widget elementor-widget-image\" data-id=\"6e69e455\" data-element_type=\"widget\" data-widget_type=\"image.default\">\n\t\t\t\t<div class=\"elementor-widget-container\">\n\t\t\t\t\t<div class=\"elementor-image\">\n\t\t\t\t\t\t\t\t\t\t<img width=\"800\" height=\"270\" src=\"https:\/\/neu.kwidmerwerbung.ch\/wp-content\/uploads\/2020\/07\/Banner-1024x346.png\" class=\"attachment-large size-large\" alt=\"\" loading=\"lazy\" srcset=\"https:\/\/neu.kwidmerwerbung.ch\/wp-content\/uploads\/2020\/07\/Banner-1024x346.png 1024w, https:\/\/neu.kwidmerwerbung.ch\/wp-content\/uploads\/2020\/07\/Banner-300x101.png 300w, https:\/\/neu.kwidmerwerbung.ch\/wp-content\/uploads\/2020\/07\/Banner-768x260.png 768w, https:\/\/neu.kwidmerwerbung.ch\/wp-content\/uploads\/2020\/07\/Banner-1536x520.png 1536w, https:\/\/neu.kwidmerwerbung.ch\/wp-content\/uploads\/2020\/07\/Banner-2048x693.png 2048w\" sizes=\"(max-width: 800px) 100vw, 800px\" \/>\t\t\t\t\t\t\t\t\t\t\t<\/div>\n\t\t\t\t<\/div>\n\t\t\t\t<\/div>\n\t\t\t\t<div class=\"elementor-element elementor-element-4f58b712 elementor-widget__width-initial elementor-absolute elementor-widget-tablet__width-initial elementor-widget-mobile__width-initial elementor-widget elementor-widget-heading\" data-id=\"4f58b712\" data-element_type=\"widget\" data-settings=\"{&quot;_position&quot;:&quot;absolute&quot;}\" data-widget_type=\"heading.default\">\n\t\t\t\t<div class=\"elementor-widget-container\">\n\t\t\t<h2 class=\"elementor-heading-title elementor-size-large\">Schlankere Strukturen sind effizienter und kosteng\u00fcnstiger.<\/h2>\t\t<\/div>\n\t\t\t\t<\/div>\n\t\t\t\t\t\t<\/div>\n\t\t\t\t\t<\/div>\n\t\t<\/div>\n\t\t\t\t\t\t\t\t<\/div>\n\t\t\t\t\t<\/div>\n\t\t<\/section>\n\t\t\t\t<section class=\"elementor-section elementor-top-section elementor-element elementor-element-2e327502 elementor-section-boxed elementor-section-height-default elementor-section-height-default\" data-id=\"2e327502\" data-element_type=\"section\">\n\t\t\t\t\t\t<div class=\"elementor-container elementor-column-gap-default\">\n\t\t\t\t\t\t\t<div class=\"elementor-row\">\n\t\t\t\t\t<div class=\"elementor-column elementor-col-33 elementor-top-column elementor-element elementor-element-1cac534a\" data-id=\"1cac534a\" data-element_type=\"column\">\n\t\t\t<div class=\"elementor-column-wrap elementor-element-populated\">\n\t\t\t\t\t\t\t<div class=\"elementor-widget-wrap\">\n\t\t\t\t\t\t<div class=\"elementor-element elementor-element-68bd3735 elementor-widget elementor-widget-heading\" data-id=\"68bd3735\" data-element_type=\"widget\" data-widget_type=\"heading.default\">\n\t\t\t\t<div class=\"elementor-widget-container\">\n\t\t\t<h2 class=\"elementor-heading-title elementor-size-default\">Leistungen<\/h2>\t\t<\/div>\n\t\t\t\t<\/div>\n\t\t\t\t\t\t<\/div>\n\t\t\t\t\t<\/div>\n\t\t<\/div>\n\t\t\t\t<div class=\"elementor-column elementor-col-66 elementor-top-column elementor-element elementor-element-4a9e4dc0\" data-id=\"4a9e4dc0\" data-element_type=\"column\">\n\t\t\t<div class=\"elementor-column-wrap\">\n\t\t\t\t\t\t\t<div class=\"elementor-widget-wrap\">\n\t\t\t\t\t\t\t\t<\/div>\n\t\t\t\t\t<\/div>\n\t\t<\/div>\n\t\t\t\t\t\t\t\t<\/div>\n\t\t\t\t\t<\/div>\n\t\t<\/section>\n\t\t\t\t<section class=\"elementor-section elementor-top-section elementor-element elementor-element-38f5e37f elementor-section-boxed elementor-section-height-default elementor-section-height-default\" data-id=\"38f5e37f\" data-element_type=\"section\">\n\t\t\t\t\t\t<div class=\"elementor-container elementor-column-gap-default\">\n\t\t\t\t\t\t\t<div class=\"elementor-row\">\n\t\t\t\t\t<div class=\"elementor-column elementor-col-33 elementor-top-column elementor-element elementor-element-73f807b6\" data-id=\"73f807b6\" data-element_type=\"column\">\n\t\t\t<div class=\"elementor-column-wrap elementor-element-populated\">\n\t\t\t\t\t\t\t<div class=\"elementor-widget-wrap\">\n\t\t\t\t\t\t<div class=\"elementor-element elementor-element-7c0dffd elementor-widget elementor-widget-image\" data-id=\"7c0dffd\" data-element_type=\"widget\" data-widget_type=\"image.default\">\n\t\t\t\t<div class=\"elementor-widget-container\">\n\t\t\t\t\t<div class=\"elementor-image\">\n\t\t\t\t\t\t\t\t\t\t<img width=\"800\" height=\"903\" src=\"https:\/\/neu.kwidmerwerbung.ch\/wp-content\/uploads\/2020\/07\/Leistung.png\" class=\"attachment-large size-large\" alt=\"\" loading=\"lazy\" srcset=\"https:\/\/neu.kwidmerwerbung.ch\/wp-content\/uploads\/2020\/07\/Leistung.png 837w, https:\/\/neu.kwidmerwerbung.ch\/wp-content\/uploads\/2020\/07\/Leistung-266x300.png 266w, https:\/\/neu.kwidmerwerbung.ch\/wp-content\/uploads\/2020\/07\/Leistung-768x867.png 768w\" sizes=\"(max-width: 800px) 100vw, 800px\" \/>\t\t\t\t\t\t\t\t\t\t\t<\/div>\n\t\t\t\t<\/div>\n\t\t\t\t<\/div>\n\t\t\t\t\t\t<\/div>\n\t\t\t\t\t<\/div>\n\t\t<\/div>\n\t\t\t\t<div class=\"elementor-column elementor-col-66 elementor-top-column elementor-element elementor-element-23f3301b\" data-id=\"23f3301b\" data-element_type=\"column\">\n\t\t\t<div class=\"elementor-column-wrap elementor-element-populated\">\n\t\t\t\t\t\t\t<div class=\"elementor-widget-wrap\">\n\t\t\t\t\t\t<div class=\"elementor-element elementor-element-47c99f03 elementor-widget elementor-widget-text-editor\" data-id=\"47c99f03\" data-element_type=\"widget\" data-widget_type=\"text-editor.default\">\n\t\t\t\t<div class=\"elementor-widget-container\">\n\t\t\t\t\t<div class=\"elementor-text-editor elementor-clearfix\"><p>Wir arbeiten im kleinen Team ohne grossen \u00dcberbau an Struktur, Verwaltung und Administration. Damit sind wir nicht nur schneller und effizienter, sondern meist auch kosteng\u00fcnstiger. Es macht uns auch anpassungsf\u00e4hig und sensibel f\u00fcr die W\u00fcnsche unserer Kunden.<\/p><p>Ob Brosch\u00fcren, Flyers, Mailings, Corporate Design oder andere Werbemittel, wir entwickeln und betreuen unsere Projekte zuverl\u00e4ssig von A bis Z. Gerne betreuen wir aber auch die ganzheitliche Kommunikation f\u00fcr gr\u00f6ssere oder kleinere Unternehmen. Vom Konzept \u00fcber die Gestaltung bis hin zur Auslieferung.<\/p><\/div>\n\t\t\t\t<\/div>\n\t\t\t\t<\/div>\n\t\t\t\t\t\t<\/div>\n\t\t\t\t\t<\/div>\n\t\t<\/div>\n\t\t\t\t\t\t\t\t<\/div>\n\t\t\t\t\t<\/div>\n\t\t<\/section>\n\t\t\t\t\t\t<\/div>\n\t\t\t\t\t\t<\/div>\n\t\t\t\t\t<\/div>\n\t\t","protected":false},"excerpt":{"rendered":"<p>Schlankere Strukturen sind effizienter und kosteng\u00fcnstiger. Leistungen Wir arbeiten im kleinen Team ohne grossen \u00dcberbau an Struktur, Verwaltung und Administration. Damit sind wir nicht nur schneller und effizienter, sondern meist auch kosteng\u00fcnstiger. Es macht uns auch anpassungsf\u00e4hig und sensibel f\u00fcr die W\u00fcnsche unserer Kunden. Ob Brosch\u00fcren, Flyers, Mailings, Corporate Design oder andere Werbemittel, wir entwickeln [&hellip;]<\/p>\n","protected":false},"author":1,"featured_media":0,"parent":0,"menu_order":0,"comment_status":"closed","ping_status":"closed","template":"elementor_header_footer","meta":[],"_links":{"self":[{"href":"https:\/\/neu.kwidmerwerbung.ch\/index.php\/wp-json\/wp\/v2\/pages\/89"}],"collection":[{"href":"https:\/\/neu.kwidmerwerbung.ch\/index.php\/wp-json\/wp\/v2\/pages"}],"about":[{"href":"https:\/\/neu.kwidmerwerbung.ch\/index.php\/wp-json\/wp\/v2\/types\/page"}],"author":[{"embeddable":true,"href":"https:\/\/neu.kwidmerwerbung.ch\/index.php\/wp-json\/wp\/v2\/users\/1"}],"replies":[{"embeddable":true,"href":"https:\/\/neu.kwidmerwerbung.ch\/index.php\/wp-json\/wp\/v2\/comments?post=89"}],"version-history":[{"count":4,"href":"https:\/\/neu.kwidmerwerbung.ch\/index.php\/wp-json\/wp\/v2\/pages\/89\/revisions"}],"predecessor-version":[{"id":96,"href":"https:\/\/neu.kwidmerwerbung.ch\/index.php\/wp-json\/wp\/v2\/pages\/89\/revisions\/96"}],"wp:attachment":[{"href":"https:\/\/neu.kwidmerwerbung.ch\/index.php\/wp-json\/wp\/v2\/media?parent=89"}],"curies":[{"name":"wp","href":"https:\/\/api.w.org\/{rel}","templated":true}]}}